{"id":166,"date":"2019-08-10T20:15:07","date_gmt":"2019-08-10T18:15:07","guid":{"rendered":"https:\/\/copd-austria.at\/wordpress\/?page_id=166"},"modified":"2023-10-11T21:19:15","modified_gmt":"2023-10-11T19:19:15","slug":"cookie-policy","status":"publish","type":"page","link":"https:\/\/copd-austria.at\/wordpress\/ueber-uns\/cookie-policy\/","title":{"rendered":"Cookie Richtlinien"},"content":{"rendered":"\t\t<div data-elementor-type=\"wp-page\" data-elementor-id=\"166\" class=\"elementor elementor-166\" data-elementor-post-type=\"page\">\n\t\t\t\t\t\t<section class=\"elementor-section elementor-top-section elementor-element elementor-element-edc5e0d elementor-section-boxed elementor-section-height-default elementor-section-height-default\" data-id=\"edc5e0d\" data-element_type=\"section\" data-e-type=\"section\">\n\t\t\t\t\t\t<div class=\"elementor-container elementor-column-gap-default\">\n\t\t\t\t\t<div class=\"elementor-column elementor-col-100 elementor-top-column elementor-element elementor-element-f4c66d1\" data-id=\"f4c66d1\" data-element_type=\"column\" data-e-type=\"column\">\n\t\t\t<div class=\"elementor-widget-wrap elementor-element-populated\">\n\t\t\t\t\t\t<div class=\"elementor-element elementor-element-c7df65b elementor-widget elementor-widget-text-editor\" data-id=\"c7df65b\" data-element_type=\"widget\" data-e-type=\"widget\" data-widget_type=\"text-editor.default\">\n\t\t\t\t<div class=\"elementor-widget-container\">\n\t\t\t\t\t\t\t\t\t<p>Mit dieser Cookie Richtlinie informiert der Website-Betreiber den Nutzer der Website \u00fcber den Einsatz von Cookies oder \u00e4hnlichen Speichertechnologien (nachfolgend \u201eCookies\u201c) auf dieser Website.<\/p><p><span style=\"color: #ff0000;\">Was sind Cookies?<\/span><\/p><p>Cookies sind kleine Textdateien, die vom Webbrowser auf dem Endger\u00e4t des Nutzers zur Speicherung von bestimmten Informationen abgelegt werden. Beim n\u00e4chsten Aufruf unserer Website mit demselben Endger\u00e4t werden die in Cookies gespeicherten Informationen an unsere Website (\u201eFirst Party Cookie\u201c) oder eine andere Website, zu der das Cookie geh\u00f6rt (\u201eThird Party Cookie\u201c), zur\u00fcckgesandt.<\/p><p>Durch die im Cookie gespeicherten und zur\u00fcckgesandten Informationen erkennt die jeweilige Website, dass der Nutzer diese mit dem Webbrowser seines Endger\u00e4ts bereits aufgerufen und besucht hat. Diese Informationen nutzen wir, um dem Nutzer die Website gem\u00e4\u00df seinen Pr\u00e4ferenzen optimal anzeigen zu k\u00f6nnen.<\/p><p>Es wird hierbei aber nur das Cookie selbst auf dem Endger\u00e4t identifiziert. Eine dar\u00fcber hinausgehende Speicherung von personenbezogenen Daten erfolgt nur, wenn der Nutzer uns seine ausdr\u00fcckliche Zustimmung daf\u00fcr gibt oder wenn diese Speicherung unbedingt erforderlich ist, um den angebotenen und aufgerufenen Dienst nutzen zu k\u00f6nnen.<\/p><p><span style=\"color: #ff0000;\">Zustimmung zur Verwendung von Cookies<\/span><\/p><p>Cookies, die nicht unbedingt erforderlich sind, um die Dienste auf dieser Website zur Verf\u00fcgung zu stellen, werden erst nach der Einwilligung verwendet. Indem der Nutzer diese Website nach dem Einblenden des Cookie-Banners aktiv weiter nutzt, willigt er in die Verwendung von Cookies ein.<\/p><p>Seine\u00a0Cookie Einstellungen\u00a0kann der Nutzer jederzeit individuell anpassen, indem er zum Beispiel einzelne Cookie-Kategorien aktiviert oder deaktiviert.<\/p><p>Wie der Nutzer Cookies generell (inklusive der unbedingt erforderlichen Cookies) in seinem Browser deaktivieren oder l\u00f6schen kann, wird unter dem Punkt &#8222;Deaktivierung oder L\u00f6schung s\u00e4mtlicher Cookies&#8220; beschrieben.<\/p><p><span style=\"color: #ff0000;\">Kategorien der verwendeten Cookies<\/span><\/p><p>Je nach Verwendungszweck und Funktion unterteilen wir die von der Website verwendeten Cookies in die folgenden Kategorien:<\/p><ul><li>Unbedingt erforderliche Cookies;<\/li><li>Funktionale-Cookies;<\/li><li>Performance-Cookies;<\/li><li>Marketing- \/ Third Party- \/ Zustimmungspflichtige-Cookies<\/li><\/ul><p><span style=\"color: #ff0000;\">UNBEDINGT ERFORDERLICHE COOKIES<\/span><\/p><p>Unbedingt erforderliche Cookies sorgen daf\u00fcr, dass diese Website, beziehungsweise der Dienst, ordnungsgem\u00e4\u00df funktioniert. Das hei\u00dft, ohne diese Cookies ist diese Website, beziehungsweise der Dienst, nicht wie vorgesehen nutzbar. Diese Art von Cookies wird ausschlie\u00dflich von dem Betreiber der Website verwendet (First Party Cookies) und s\u00e4mtliche Informationen, die in den Cookies gespeichert sind, werden nur an diese Website gesendet.<\/p><p>Die Nutzung von unbedingt erforderlichen Cookies auf dieser Website ist ohne die Einwilligung des Nutzers m\u00f6glich. Aus diesem Grund k\u00f6nnen unbedingt erforderliche Cookies auch nicht einzeln deaktiviert bzw. aktiviert werden. Diese Funktion steht nur bei einwilligungspflichtigen Cookies, also den Funktionalen Cookies, den Performance-Cookies und den Marketing- \/ Third Party- \/ Zustimmungspflichtige-Cookies, zur Verf\u00fcgung. Der Nutzer hat allerdings jederzeit die M\u00f6glichkeit, Cookies generell in seinem Browser zu deaktivieren (siehe Punkt &#8222;Deaktivierung oder L\u00f6schung s\u00e4mtlicher Cookies&#8220;).<\/p><p>Die Rechtsgrundlage f\u00fcr die Nutzung der First Party Cookies ist ein berechtigtes Interesse (d. h. Interesse an der Analyse, Optimierung und dem wirtschaftlichen Betrieb dieser Website und Leistungen) im Sinne des Art. 6 Abs. 1 S. 1 lit. f DSGVO.<\/p><p><span style=\"color: #ff0000;\">FUNKTIONALE COOKIES<\/span><\/p><p>Funktionale Cookies erm\u00f6glichen dieser Webseite, get\u00e4tigte Angaben, wie z. B. den Benutzernamen oder die Sprachauswahl, zu speichern und dem Nutzer darauf basierend verbesserte und personalisierte Funktionen anzubieten. Diese Cookies sammeln und speichern ausschlie\u00dflich anonymisierte Informationen.<\/p><p>Auf unserer Webseite funktionale Cookies zum Einsatz. Der Nutzer kann der Verwendung von Funktionalen Cookies jederzeit widersprechen, indem er seine\u00a0Cookie Einstellungen entsprechend anpasst. Die Rechtsgrundlage f\u00fcr die Nutzung der Funktionalen-Cookies ist ein berechtigtes Interesse (d. h. Interesse an der Analyse, Optimierung und dem wirtschaftlichen Betrieb dieser Website und Leistungen) im Sinne des Art. 6 Abs. 1 S. 1 lit. f DSGVO.<\/p><p><span style=\"color: #ff0000;\">PERFORMANCE COOKIES<\/span><\/p><p>Performance Cookies sammeln Informationen dar\u00fcber, wie unsere Webseiten genutzt werden, um darauf basierend deren Attraktivit\u00e4t, Inhalt und Funktionalit\u00e4t zu verbessern. Diese Cookies helfen uns beispielsweise festzustellen, ob und welche Unterseiten unserer Webseite besucht werden und f\u00fcr welche Inhalte sich die Nutzer besonders interessieren. Wir erfassen die Anzahl der Zugriffe auf eine Seite, die Anzahl der aufgerufenen Unterseiten, die auf unserer Webseite verbrachte Zeit, die Reihenfolge der besuchten Seiten, welche Suchbegriffe unsere Nutzer zu uns gef\u00fchrt haben, das Land, die Region und gegebenenfalls die Stadt aus der der Zugriff erfolgt, sowie den Anteil von mobilen Endger\u00e4ten, die auf unsere Webseiten zugreifen. Die aus technischen Gr\u00fcnden \u00fcbermittelte IP-Adresse eines Rechners wird automatisch anonymisiert und erm\u00f6glicht uns keinen R\u00fcckschluss auf den einzelnen Nutzer.<\/p><p>Der Nutzer der Website hat auch das Recht, aus Gr\u00fcnden, die sich aus seiner besonderen Situation ergeben, bei der Verarbeitung ihn betreffender personenbezogener Daten, die zu statistischen Zwecken gem. Art. 89 Abs. 1 DSGVO erfolgt, zu widersprechen. Zur Wahrnehmung dieser und anderer Betroffenenrechte, kann sich ein Betroffener jederzeit an die im Impressum beziehungsweise in der Datenschutzerkl\u00e4rung angegebene Kontaktadresse wenden. Der Nutzer der Website kann der Verwendung von Performance-Cookies jederzeit widersprechen, indem er seine Cookie Einstellungen entsprechend anpasst.<\/p><p>Die Rechtsgrundlage f\u00fcr die Nutzung der Performance-Cookies ist ein berechtigtes Interesse (d. h. Interesse an der Analyse, Optimierung und dem wirtschaftlichen Betrieb unserer Webseite und Leistungen) im Sinne des Art. 6 Abs. 1 S. 1 lit. f DSGVO .<\/p><p><span style=\"color: #ff0000;\">MARKETING- \/ THIRD PARTY- \/ ZUSTIMMUNGSPFLICHTIGE-COOKIES<\/span><\/p><p>Marketing- \/ Third Party- \/ Zustimmungspflichtige-Cookies stammen unter anderem von externen Werbeunternehmen und werden verwendet, um Informationen \u00fcber die vom Nutzer besuchten Websites zu sammeln, um z. B. zielgruppenorientierte Werbung f\u00fcr den Benutzer zu erstellen. Der Nutzer kann der Verwendung von Marketing-Cookies jederzeit widersprechen, indem er seine\u00a0Cookie Einstellungen\u00a0entsprechend anpasst.<\/p><p>Aufgrund der oben beschriebenen Verwendungszwecke liegt die Rechtsgrundlage f\u00fcr die Verarbeitung personenbezogener Daten unter Verwendung von Cookies in Art. 6 Abs. 1 lit. f DSGVO. Falls der Nutzer auf Grundlage eines von uns auf der Website erteilten Hinweises (\u201eCookie-Banner\u201c) eine Einwilligung zur Verwendung von Cookies erteilt hat, richtet sich die Rechtm\u00e4\u00dfigkeit der Verwendung zus\u00e4tzlich nach Art. 6 Abs. 1 S. 1 lit. a DSGVO.<\/p><p>Deaktivierung oder L\u00f6schung s\u00e4mtlicher Cookies<\/p><p>Der Nutzer kann seinen Webbrowser so einstellen, dass das Speichern von Cookies auf seinem Endger\u00e4t generell verhindert wird beziehungsweise er jedes Mal gefragt wird, ob er mit dem Setzen von Cookies einverstanden ist. Einmal gesetzte Cookies kann der Nutzer jederzeit wieder l\u00f6schen. Wie das Ganze funktioniert, wird in Hilfe-Funktion des jeweiligen Webbrowsers beschrieben.<\/p><p>Eine generelle Deaktivierung von Cookies kann gegebenenfalls zu Funktionseinschr\u00e4nkungen dieser Website f\u00fchren.<\/p>\t\t\t\t\t\t\t\t<\/div>\n\t\t\t\t<\/div>\n\t\t\t\t\t<\/div>\n\t\t<\/div>\n\t\t\t\t\t<\/div>\n\t\t<\/section>\n\t\t\t\t<\/div>\n\t\t","protected":false},"excerpt":{"rendered":"<p>Mit dieser Cookie Richtlinie informiert der Website-Betreiber den Nutzer der Website \u00fcber den Einsatz von Cookies oder \u00e4hnlichen Speichertechnologien (nachfolgend \u201eCookies\u201c) auf dieser Website. Was sind Cookies? Cookies sind kleine Textdateien, die vom Webbrowser auf dem Endger\u00e4t des Nutzers zur Speicherung von bestimmten Informationen abgelegt werden. Beim n\u00e4chsten Aufruf unserer Website mit demselben Endger\u00e4t werden [&hellip;]<\/p>\n","protected":false},"author":1,"featured_media":0,"parent":20,"menu_order":6,"comment_status":"closed","ping_status":"closed","template":"elementor_theme","meta":{"footnotes":""},"class_list":["post-166","page","type-page","status-publish","hentry"],"_links":{"self":[{"href":"https:\/\/copd-austria.at\/wordpress\/wp-json\/wp\/v2\/pages\/166","targetHints":{"allow":["GET"]}}],"collection":[{"href":"https:\/\/copd-austria.at\/wordpress\/wp-json\/wp\/v2\/pages"}],"about":[{"href":"https:\/\/copd-austria.at\/wordpress\/wp-json\/wp\/v2\/types\/page"}],"author":[{"embeddable":true,"href":"https:\/\/copd-austria.at\/wordpress\/wp-json\/wp\/v2\/users\/1"}],"replies":[{"embeddable":true,"href":"https:\/\/copd-austria.at\/wordpress\/wp-json\/wp\/v2\/comments?post=166"}],"version-history":[{"count":0,"href":"https:\/\/copd-austria.at\/wordpress\/wp-json\/wp\/v2\/pages\/166\/revisions"}],"up":[{"embeddable":true,"href":"https:\/\/copd-austria.at\/wordpress\/wp-json\/wp\/v2\/pages\/20"}],"wp:attachment":[{"href":"https:\/\/copd-austria.at\/wordpress\/wp-json\/wp\/v2\/media?parent=166"}],"curies":[{"name":"wp","href":"https:\/\/api.w.org\/{rel}","templated":true}]}}