{"id":420,"date":"2019-08-14T21:50:34","date_gmt":"2019-08-14T19:50:34","guid":{"rendered":"https:\/\/copd-austria.at\/wordpress\/?page_id=420"},"modified":"2025-02-25T18:05:44","modified_gmt":"2025-02-25T17:05:44","slug":"sauerstofftankstellen","status":"publish","type":"page","link":"https:\/\/copd-austria.at\/wordpress\/links\/sauerstofftankstellen\/","title":{"rendered":"Sauerstofftankstellen"},"content":{"rendered":"\t\t<div data-elementor-type=\"wp-page\" data-elementor-id=\"420\" class=\"elementor elementor-420\" data-elementor-post-type=\"page\">\n\t\t\t\t<div class=\"elementor-element elementor-element-507696c e-flex e-con-boxed e-con e-parent\" data-id=\"507696c\" data-element_type=\"container\" data-e-type=\"container\">\n\t\t\t\t\t<div class=\"e-con-inner\">\n\t\t<div class=\"elementor-element elementor-element-23064eb e-con-full e-flex e-con e-child\" data-id=\"23064eb\" data-element_type=\"container\" data-e-type=\"container\">\n\t\t\t\t<div class=\"elementor-element elementor-element-6c60069 elementor-widget elementor-widget-text-editor\" data-id=\"6c60069\" data-element_type=\"widget\" data-e-type=\"widget\" data-widget_type=\"text-editor.default\">\n\t\t\t\t<div class=\"elementor-widget-container\">\n\t\t\t\t\t\t\t\t\t<p>Die \u00f6sterreichische Lungenunion, die \u00f6sterreichische Apothekerkammer sowie die \u00f6sterreichische Gesellschaft f\u00fcr Pneumologie \u00d6GP setzten gemeinsam mit VIVISOL das Projekt <strong><span style=\"color: #ff0000;\">\u201eSauerstofftankstelle\u201c\u00a0<\/span><\/strong> in Kraft. \u00d6sterreichweit werden mehr als 40 Apotheken mit Liberatoren versorgt, damit die Patienten dort kostenlos Ihre mobilen Einheiten mit Sauerstoff bef\u00fcllen k\u00f6nnen.<\/p>\t\t\t\t\t\t\t\t<\/div>\n\t\t\t\t<\/div>\n\t\t\t\t<\/div>\n\t\t\t\t\t<\/div>\n\t\t\t\t<\/div>\n\t\t<div class=\"elementor-element elementor-element-a1c90f1 e-flex e-con-boxed e-con e-parent\" data-id=\"a1c90f1\" data-element_type=\"container\" data-e-type=\"container\">\n\t\t\t\t\t<div class=\"e-con-inner\">\n\t\t<div class=\"elementor-element elementor-element-72e6fb1 e-con-full e-flex e-con e-child\" data-id=\"72e6fb1\" data-element_type=\"container\" data-e-type=\"container\">\n\t\t\t\t<div class=\"elementor-element elementor-element-6aaef0b elementor-widget__width-initial elementor-widget elementor-widget-text-editor\" data-id=\"6aaef0b\" data-element_type=\"widget\" data-e-type=\"widget\" data-widget_type=\"text-editor.default\">\n\t\t\t\t<div class=\"elementor-widget-container\">\n\t\t\t\t\t\t\t\t\t<h3><span style=\"color: #ff0000;\"><strong>Neue Sauerstofftankstellen in \u00d6sterreich<br \/><\/strong><\/span><\/h3><p>Das Netz der Sauerstofftankstellen wird zunehmend gr\u00f6\u00dfer<\/p><p>Im beigef\u00fcgten PDF aus dem Downlaod-Bereich findet ihr eine Liste der Sauerstofftankstellen wo man zu den jeweiligen \u00d6ffnungszeiten das\u00a0tragbare Fl\u00fcssigsauerstoffger\u00e4t bef\u00fcllen kann.<br \/>Die <strong>aktuelle Liste<\/strong> findet ihr unter <a href=\"https:\/\/vivisol.at\/sauerstofftankstellen_info_home\" target=\"_blank\" rel=\"noopener\">www.vivisol.at<\/a><\/p>\t\t\t\t\t\t\t\t<\/div>\n\t\t\t\t<\/div>\n\t\t\t\t<\/div>\n\t\t<div class=\"elementor-element elementor-element-5bbaf1d e-con-full e-flex e-con e-child\" data-id=\"5bbaf1d\" data-element_type=\"container\" data-e-type=\"container\">\n\t\t\t\t<div class=\"elementor-element elementor-element-0cdad16 elementor-widget elementor-widget-image\" data-id=\"0cdad16\" data-element_type=\"widget\" data-e-type=\"widget\" data-widget_type=\"image.default\">\n\t\t\t\t<div class=\"elementor-widget-container\">\n\t\t\t\t\t\t\t\t\t\t\t\t\t\t\t<img decoding=\"async\" src=\"https:\/\/copd-austria.at\/wordpress\/wp-content\/uploads\/2024\/10\/O2-Tankstelle-Ziehrerstrasse.jpg\" title=\"\" alt=\"\" loading=\"lazy\" \/>\t\t\t\t\t\t\t\t\t\t\t\t\t\t\t<\/div>\n\t\t\t\t<\/div>\n\t\t\t\t<\/div>\n\t\t\t\t\t<\/div>\n\t\t\t\t<\/div>\n\t\t<div class=\"elementor-element elementor-element-86c1e1d e-flex e-con-boxed e-con e-parent\" data-id=\"86c1e1d\" data-element_type=\"container\" data-e-type=\"container\">\n\t\t\t\t\t<div class=\"e-con-inner\">\n\t\t<div class=\"elementor-element elementor-element-42666ef e-con-full e-flex e-con e-child\" data-id=\"42666ef\" data-element_type=\"container\" data-e-type=\"container\">\n\t\t\t\t<div class=\"elementor-element elementor-element-4593fcc elementor-widget elementor-widget-image\" data-id=\"4593fcc\" data-element_type=\"widget\" data-e-type=\"widget\" data-widget_type=\"image.default\">\n\t\t\t\t<div class=\"elementor-widget-container\">\n\t\t\t\t\t\t\t\t\t\t\t\t\t\t\t\t<a href=\"https:\/\/copd-austria.at\/wordpress\/copd_PDF-Dokumente\/Sauerstofftankstellen_2024-quer.pdf\">\n\t\t\t\t\t\t\t<img fetchpriority=\"high\" decoding=\"async\" width=\"1432\" height=\"1021\" src=\"https:\/\/copd-austria.at\/wordpress\/wp-content\/uploads\/2024\/12\/Sauerstofftankstellen_2024-quer.png\" class=\"attachment-full size-full wp-image-23793\" alt=\"\" srcset=\"https:\/\/copd-austria.at\/wordpress\/wp-content\/uploads\/2024\/12\/Sauerstofftankstellen_2024-quer.png 1432w, https:\/\/copd-austria.at\/wordpress\/wp-content\/uploads\/2024\/12\/Sauerstofftankstellen_2024-quer-300x214.png 300w, https:\/\/copd-austria.at\/wordpress\/wp-content\/uploads\/2024\/12\/Sauerstofftankstellen_2024-quer-1140x813.png 1140w, https:\/\/copd-austria.at\/wordpress\/wp-content\/uploads\/2024\/12\/Sauerstofftankstellen_2024-quer-768x548.png 768w\" sizes=\"(max-width: 1432px) 100vw, 1432px\" \/>\t\t\t\t\t\t\t\t<\/a>\n\t\t\t\t\t\t\t\t\t\t\t\t\t\t\t<\/div>\n\t\t\t\t<\/div>\n\t\t\t\t<div class=\"elementor-element elementor-element-abd906e elementor-widget elementor-widget-text-editor\" data-id=\"abd906e\" data-element_type=\"widget\" data-e-type=\"widget\" data-widget_type=\"text-editor.default\">\n\t\t\t\t<div class=\"elementor-widget-container\">\n\t\t\t\t\t\t\t\t\t<p class=\"cc-m-download-title\"><span style=\"color: #ff0000;\"><strong>Liste der Sauerstofftankstellen in \u00d6sterreich zum Download<\/strong><\/span><\/p><div class=\"cc-m-download-file\"><p class=\"cc-m-download-file-name\">Sauerstofftankstelle<br \/><span class=\"cc-m-download-file-type\">Adobe Acrobat Dokument<\/span> (<span class=\"cc-m-download-file-size\">1.3 MB)<\/span><\/p><\/div>\t\t\t\t\t\t\t\t<\/div>\n\t\t\t\t<\/div>\n\t\t\t\t<\/div>\n\t\t<div class=\"elementor-element elementor-element-904c99a e-con-full e-flex e-con e-child\" data-id=\"904c99a\" data-element_type=\"container\" data-e-type=\"container\">\n\t\t\t\t<div class=\"elementor-element elementor-element-a12c231 elementor-widget__width-initial elementor-widget elementor-widget-image\" data-id=\"a12c231\" data-element_type=\"widget\" data-e-type=\"widget\" data-widget_type=\"image.default\">\n\t\t\t\t<div class=\"elementor-widget-container\">\n\t\t\t\t\t\t\t\t\t\t\t\t\t\t\t\t<a href=\"https:\/\/www.ichatmelinde.at\/shop\/de\/at-homecare-store\/unser-service-fuer-patienten\/informationen-rund-um-ihr-therapieger%C3%A4t\/fluessigsauerstoff\" target=\"_blank\">\n\t\t\t\t\t\t\t<img decoding=\"async\" width=\"850\" height=\"425\" src=\"https:\/\/copd-austria.at\/wordpress\/wp-content\/uploads\/2022\/08\/Linde-Logo_web_05-2022.jpg\" class=\"attachment-full size-full wp-image-13182\" alt=\"Linde Logo CMYK\" srcset=\"https:\/\/copd-austria.at\/wordpress\/wp-content\/uploads\/2022\/08\/Linde-Logo_web_05-2022.jpg 850w, https:\/\/copd-austria.at\/wordpress\/wp-content\/uploads\/2022\/08\/Linde-Logo_web_05-2022-300x150.jpg 300w, https:\/\/copd-austria.at\/wordpress\/wp-content\/uploads\/2022\/08\/Linde-Logo_web_05-2022-768x384.jpg 768w\" sizes=\"(max-width: 850px) 100vw, 850px\" \/>\t\t\t\t\t\t\t\t<\/a>\n\t\t\t\t\t\t\t\t\t\t\t\t\t\t\t<\/div>\n\t\t\t\t<\/div>\n\t\t\t\t<div class=\"elementor-element elementor-element-0af1af0 elementor-widget__width-initial elementor-widget elementor-widget-text-editor\" data-id=\"0af1af0\" data-element_type=\"widget\" data-e-type=\"widget\" data-widget_type=\"text-editor.default\">\n\t\t\t\t<div class=\"elementor-widget-container\">\n\t\t\t\t\t\t\t\t\t<p>Hier findet Ihr eine Videoanleitung zum <strong>Bef\u00fcllen<\/strong> des tragbaren Ger\u00e4tes:<\/p><h3><a href=\"https:\/\/www.ichatmelinde.at\/shop\/de\/at-homecare-store\/unser-service-fuer-patienten\/informationen-rund-um-ihr-therapieger%C3%A4t\/fluessigsauerstoff\" target=\"_blank\" rel=\"noopener\" data-wplink-edit=\"true\"><span style=\"color: #ff0000;\">www.ichatmelinde.at<\/span><\/a><\/h3>\t\t\t\t\t\t\t\t<\/div>\n\t\t\t\t<\/div>\n\t\t\t\t<\/div>\n\t\t\t\t\t<\/div>\n\t\t\t\t<\/div>\n\t\t\t\t<\/div>\n\t\t","protected":false},"excerpt":{"rendered":"<p>Die \u00f6sterreichische Lungenunion, die \u00f6sterreichische Apothekerkammer sowie die \u00f6sterreichische Gesellschaft f\u00fcr Pneumologie \u00d6GP setzten gemeinsam mit VIVISOL das Projekt \u201eSauerstofftankstelle\u201c\u00a0 in Kraft. \u00d6sterreichweit werden mehr als 40 Apotheken mit Liberatoren versorgt, damit die Patienten dort kostenlos Ihre mobilen Einheiten mit Sauerstoff bef\u00fcllen k\u00f6nnen. Neue Sauerstofftankstellen in \u00d6sterreich Das Netz der Sauerstofftankstellen wird zunehmend gr\u00f6\u00dfer Im [&hellip;]<\/p>\n","protected":false},"author":1,"featured_media":0,"parent":392,"menu_order":3,"comment_status":"closed","ping_status":"closed","template":"elementor_theme","meta":{"footnotes":""},"class_list":["post-420","page","type-page","status-publish","hentry"],"_links":{"self":[{"href":"https:\/\/copd-austria.at\/wordpress\/wp-json\/wp\/v2\/pages\/420","targetHints":{"allow":["GET"]}}],"collection":[{"href":"https:\/\/copd-austria.at\/wordpress\/wp-json\/wp\/v2\/pages"}],"about":[{"href":"https:\/\/copd-austria.at\/wordpress\/wp-json\/wp\/v2\/types\/page"}],"author":[{"embeddable":true,"href":"https:\/\/copd-austria.at\/wordpress\/wp-json\/wp\/v2\/users\/1"}],"replies":[{"embeddable":true,"href":"https:\/\/copd-austria.at\/wordpress\/wp-json\/wp\/v2\/comments?post=420"}],"version-history":[{"count":0,"href":"https:\/\/copd-austria.at\/wordpress\/wp-json\/wp\/v2\/pages\/420\/revisions"}],"up":[{"embeddable":true,"href":"https:\/\/copd-austria.at\/wordpress\/wp-json\/wp\/v2\/pages\/392"}],"wp:attachment":[{"href":"https:\/\/copd-austria.at\/wordpress\/wp-json\/wp\/v2\/media?parent=420"}],"curies":[{"name":"wp","href":"https:\/\/api.w.org\/{rel}","templated":true}]}}