{"id":940,"date":"2024-01-03T10:45:24","date_gmt":"2024-01-03T09:45:24","guid":{"rendered":"https:\/\/copd-austria.at\/wordpress\/?page_id=940"},"modified":"2025-04-03T13:30:41","modified_gmt":"2025-04-03T11:30:41","slug":"stammzellen-therapie","status":"publish","type":"page","link":"https:\/\/copd-austria.at\/wordpress\/stammzellen-therapie\/","title":{"rendered":"Stammzellen-Therapie"},"content":{"rendered":"\t\t<div data-elementor-type=\"wp-page\" data-elementor-id=\"940\" class=\"elementor elementor-940\" data-elementor-post-type=\"page\">\n\t\t\t\t\t\t<section class=\"elementor-section elementor-top-section elementor-element elementor-element-4fa5142 elementor-section-boxed elementor-section-height-default elementor-section-height-default\" data-id=\"4fa5142\" data-element_type=\"section\" data-e-type=\"section\">\n\t\t\t\t\t\t<div class=\"elementor-container elementor-column-gap-default\">\n\t\t\t\t\t<div class=\"elementor-column elementor-col-100 elementor-top-column elementor-element elementor-element-b86135c\" data-id=\"b86135c\" data-element_type=\"column\" data-e-type=\"column\">\n\t\t\t<div class=\"elementor-widget-wrap elementor-element-populated\">\n\t\t\t\t\t\t<div class=\"elementor-element elementor-element-db37030 elementor-widget__width-initial elementor-widget elementor-widget-text-editor\" data-id=\"db37030\" data-element_type=\"widget\" data-e-type=\"widget\" data-widget_type=\"text-editor.default\">\n\t\t\t\t<div class=\"elementor-widget-container\">\n\t\t\t\t\t\t\t\t\t<h2>Die Lunge, <br \/>ein lebenswichtiges Organ<\/h2><p>Umfassende Informationen zum gr\u00f6\u00dften Organ des menschlichen K\u00f6rpers werden auf der Seite &#8222;Mehr Luft&#8220; zur Verf\u00fcgung gestellt.<\/p><p><span style=\"color: #1e73be;\"><a style=\"color: #1e73be;\" href=\"https:\/\/www.mehr-luft.at\/die-lunge#luft-und-lunge\" target=\"_blank\" rel=\"noopener\">weiterlesen &gt;&gt;&gt;<\/a><\/span><\/p>\t\t\t\t\t\t\t\t<\/div>\n\t\t\t\t<\/div>\n\t\t\t\t\t<\/div>\n\t\t<\/div>\n\t\t\t\t\t<\/div>\n\t\t<\/section>\n\t\t\t\t<section class=\"elementor-section elementor-top-section elementor-element elementor-element-b911cf5 elementor-section-boxed elementor-section-height-default elementor-section-height-default\" data-id=\"b911cf5\" data-element_type=\"section\" data-e-type=\"section\">\n\t\t\t\t\t\t<div class=\"elementor-container elementor-column-gap-default\">\n\t\t\t\t\t<div class=\"elementor-column elementor-col-100 elementor-top-column elementor-element elementor-element-01faeff\" data-id=\"01faeff\" data-element_type=\"column\" data-e-type=\"column\">\n\t\t\t<div class=\"elementor-widget-wrap elementor-element-populated\">\n\t\t\t\t\t\t<div class=\"elementor-element elementor-element-93b610b elementor-widget elementor-widget-text-editor\" data-id=\"93b610b\" data-element_type=\"widget\" data-e-type=\"widget\" data-widget_type=\"text-editor.default\">\n\t\t\t\t<div class=\"elementor-widget-container\">\n\t\t\t\t\t\t\t\t\t<h2>Stammzellen-Therapie &#8211; verfr\u00fchte Hoffnung f\u00fcr Menschen mit COPD<\/h2>\t\t\t\t\t\t\t\t<\/div>\n\t\t\t\t<\/div>\n\t\t\t\t\t<\/div>\n\t\t<\/div>\n\t\t\t\t\t<\/div>\n\t\t<\/section>\n\t\t\t\t<section class=\"elementor-section elementor-top-section elementor-element elementor-element-eafdb4f elementor-section-boxed elementor-section-height-default elementor-section-height-default\" data-id=\"eafdb4f\" data-element_type=\"section\" data-e-type=\"section\">\n\t\t\t\t\t\t<div class=\"elementor-container elementor-column-gap-default\">\n\t\t\t\t\t<div class=\"elementor-column elementor-col-100 elementor-top-column elementor-element elementor-element-303bf9d\" data-id=\"303bf9d\" data-element_type=\"column\" data-e-type=\"column\">\n\t\t\t<div class=\"elementor-widget-wrap elementor-element-populated\">\n\t\t\t\t\t\t<div class=\"elementor-element elementor-element-c64e5d0 elementor-widget-divider--view-line elementor-widget elementor-widget-divider\" data-id=\"c64e5d0\" data-element_type=\"widget\" data-e-type=\"widget\" data-widget_type=\"divider.default\">\n\t\t\t\t<div class=\"elementor-widget-container\">\n\t\t\t\t\t\t\t<div class=\"elementor-divider\">\n\t\t\t<span class=\"elementor-divider-separator\">\n\t\t\t\t\t\t<\/span>\n\t\t<\/div>\n\t\t\t\t\t\t<\/div>\n\t\t\t\t<\/div>\n\t\t\t\t\t<\/div>\n\t\t<\/div>\n\t\t\t\t\t<\/div>\n\t\t<\/section>\n\t\t<div class=\"elementor-element elementor-element-5ccc229 e-flex e-con-boxed e-con e-parent\" data-id=\"5ccc229\" data-element_type=\"container\" data-e-type=\"container\">\n\t\t\t\t\t<div class=\"e-con-inner\">\n\t\t<div class=\"elementor-element elementor-element-9dda01f e-con-full e-flex e-con e-child\" data-id=\"9dda01f\" data-element_type=\"container\" data-e-type=\"container\">\n\t\t\t\t<div class=\"elementor-element elementor-element-090bce0 elementor-widget elementor-widget-text-editor\" data-id=\"090bce0\" data-element_type=\"widget\" data-e-type=\"widget\" data-widget_type=\"text-editor.default\">\n\t\t\t\t<div class=\"elementor-widget-container\">\n\t\t\t\t\t\t\t\t\t<h3><span style=\"color: #ff0000;\">Liebe Mitglieder und Freunde<\/span><br \/><span style=\"color: #ff0000;\">der COPD-Austria,<\/span><\/h3><p>der Artikel zum Thema Stammzellen-Therapie wurde in unseren sozialen Medien besprochen und diskutiert.<\/p><p>Damit hier nicht wieder einmal zu gro\u00dfe Hoffnung aufkeimt, <strong>haben wir Herrn Univ.-Prof Dr. Bernhard Lamprecht<\/strong> vom Kepler Uniklinikum um eine kl\u00e4rende Stellungnahme zum aktuellen Stand dieser Therapieform gebeten:<\/p>\t\t\t\t\t\t\t\t<\/div>\n\t\t\t\t<\/div>\n\t\t\t\t<\/div>\n\t\t<div class=\"elementor-element elementor-element-8f1c24d e-con-full e-flex e-con e-child\" data-id=\"8f1c24d\" data-element_type=\"container\" data-e-type=\"container\">\n\t\t\t\t<div class=\"elementor-element elementor-element-222c537 elementor-widget elementor-widget-image\" data-id=\"222c537\" data-element_type=\"widget\" data-e-type=\"widget\" data-widget_type=\"image.default\">\n\t\t\t\t<div class=\"elementor-widget-container\">\n\t\t\t\t\t\t\t\t\t\t\t\t\t\t\t\t<a href=\"https:\/\/copd-austria.at\/wordpress\/wp-content\/uploads\/2024\/01\/Tiroler-Tageszeitung_Stammzellen-Therapie-scaled.jpg\" data-elementor-open-lightbox=\"yes\" data-e-action-hash=\"#elementor-action%3Aaction%3Dlightbox%26settings%3DeyJpZCI6MjAzNzAsInVybCI6Imh0dHBzOlwvXC9jb3BkLWF1c3RyaWEuYXRcL3dvcmRwcmVzc1wvd3AtY29udGVudFwvdXBsb2Fkc1wvMjAyNFwvMDFcL1Rpcm9sZXItVGFnZXN6ZWl0dW5nX1N0YW1temVsbGVuLVRoZXJhcGllLXNjYWxlZC5qcGcifQ%3D%3D\">\n\t\t\t\t\t\t\t<img fetchpriority=\"high\" decoding=\"async\" width=\"768\" height=\"339\" src=\"https:\/\/copd-austria.at\/wordpress\/wp-content\/uploads\/2024\/01\/Tiroler-Tageszeitung_Stammzellen-Therapie-768x339.jpg\" class=\"attachment-medium_large size-medium_large wp-image-20370\" alt=\"\" srcset=\"https:\/\/copd-austria.at\/wordpress\/wp-content\/uploads\/2024\/01\/Tiroler-Tageszeitung_Stammzellen-Therapie-768x339.jpg 768w, https:\/\/copd-austria.at\/wordpress\/wp-content\/uploads\/2024\/01\/Tiroler-Tageszeitung_Stammzellen-Therapie-300x132.jpg 300w, https:\/\/copd-austria.at\/wordpress\/wp-content\/uploads\/2024\/01\/Tiroler-Tageszeitung_Stammzellen-Therapie-1140x503.jpg 1140w\" sizes=\"(max-width: 768px) 100vw, 768px\" \/>\t\t\t\t\t\t\t\t<\/a>\n\t\t\t\t\t\t\t\t\t\t\t\t\t\t\t<\/div>\n\t\t\t\t<\/div>\n\t\t\t\t<\/div>\n\t\t\t\t\t<\/div>\n\t\t\t\t<\/div>\n\t\t\t\t<section class=\"elementor-section elementor-top-section elementor-element elementor-element-207a81b elementor-section-boxed elementor-section-height-default elementor-section-height-default\" data-id=\"207a81b\" data-element_type=\"section\" data-e-type=\"section\">\n\t\t\t\t\t\t<div class=\"elementor-container elementor-column-gap-default\">\n\t\t\t\t\t<div class=\"elementor-column elementor-col-100 elementor-top-column elementor-element elementor-element-fe35b66\" data-id=\"fe35b66\" data-element_type=\"column\" data-e-type=\"column\">\n\t\t\t<div class=\"elementor-widget-wrap elementor-element-populated\">\n\t\t\t\t\t\t<div class=\"elementor-element elementor-element-d4de679 elementor-widget elementor-widget-text-editor\" data-id=\"d4de679\" data-element_type=\"widget\" data-e-type=\"widget\" data-widget_type=\"text-editor.default\">\n\t\t\t\t<div class=\"elementor-widget-container\">\n\t\t\t\t\t\t\t\t\t<p>Sehr geehrter Herr Dr. Lamprecht,<\/p><p>In der Tiroler Tageszeitung erschien in den letzten Tagen der oben stehende Artikel zum Thema \u201eStammzellen-Therapie\u201c.<br \/>Dieser Bericht hat in unserer Gruppe COPD-Austria wieder gro\u00dfe Hoffnung erregt und zu lebhafter Diskussion gef\u00fchrt.<\/p><p>Wenn wir uns recht erinnern, haben Sie dazu bei Ihrem Vortrag in Bad Gleichenberg diese Therapie kurz erw\u00e4hnt. Daher bitten wir Sie h\u00f6flich, uns ein Statement dazu zu \u00fcbermitteln, welches den tats\u00e4chlichen Stand dieser Therapieform darstellt.<\/p><p>Das w\u00e4re uns f\u00fcr die\u00a0 Gespr\u00e4che in der Gruppe eine gro\u00dfe Hilfe.<\/p><p>Vielen Dank, mit lieben Gr\u00fc\u00dfen, Judith &amp; Georg illek<\/p><h3><span style=\"color: #ff0000;\">Darauf erhielten wir das nachstehende Statement von Dr. Lamprecht.<\/span><\/h3><p>Sehr geehrte Familie illek,<\/p><p>bei der in der TT erw\u00e4hnten und von mir beim Vortrag in Bad Gleichenberg erw\u00e4hnten Studie aus China handelt es sich um eine <strong>prinzipiell vielversprechende<\/strong> aber noch <strong>unzureichende Beobachtung<\/strong> des Effektes der Transplantation von Lungen-Stammzellen (bzw. Lungen-Vorl\u00e4uferzellen), also von Zellen, die sich noch weiter entwickeln und an besondere Aufgaben anpassen (differenzieren) k\u00f6nnen.<\/p><p>Die Regeneration bzw. Neubildung von zerst\u00f6rtem Gewebe in Atemwegen und Lunge ist das Ziel, welches durch Transplantation (im Zuge einer Lungenspiegelung) von geeigneten Zellen bewerkstelligt werden soll. Bei einer sogenannten autologen Transplantation werden dem Empf\u00e4nger seine <strong>eigenen Zellen<\/strong> transplantiert, die zuvor gewonnen und unter Laborbedingungen kultiviert wurden.<\/p><p>Die zitierte chinesische Studie hat <strong>lediglich 20 Patienten<\/strong> umfasst, davon 17 mit tats\u00e4chlicher Behandlung und drei in der Kontrollgruppe (also ohne Behandlung). Von diesen geringen Zahlen kann derzeit <strong>noch keine verl\u00e4ssliche Aussage abgeleitet werden<\/strong>, gr\u00f6\u00dfere bzw. <strong>umfassendere Beobachtungen werden abzuwarten sein<\/strong>.<\/p><p>Mit freundlichen Gr\u00fc\u00dfen<\/p><p>Bernd Lamprecht<\/p><p><strong>Univ.-Prof. Dr. Bernd Lamprecht<\/strong><\/p><p><em>Vorstand<br \/><\/em><em>Universit\u00e4tsklinik f\u00fcr Innere Medizin mit Schwerpunkt Pneumologie<\/em><\/p><h3><br \/>Wir hoffen, diese Stellungnahme von Dr. Lamprecht hilft dabei, Berichte \u00fcber die Stammzellen-Therapie besser einordnen zu k\u00f6nnen. COPD-Austria wird das Thema auf jeden Fall im Auge behalten und \u00fcber die weiteren Entwicklungen berichten.<\/h3>\t\t\t\t\t\t\t\t<\/div>\n\t\t\t\t<\/div>\n\t\t\t\t\t<\/div>\n\t\t<\/div>\n\t\t\t\t\t<\/div>\n\t\t<\/section>\n\t\t\t\t<\/div>\n\t\t","protected":false},"excerpt":{"rendered":"<p>Die Lunge, ein lebenswichtiges Organ Umfassende Informationen zum gr\u00f6\u00dften Organ des menschlichen K\u00f6rpers werden auf der Seite &#8222;Mehr Luft&#8220; zur Verf\u00fcgung gestellt. weiterlesen &gt;&gt;&gt; Stammzellen-Therapie &#8211; verfr\u00fchte Hoffnung f\u00fcr Menschen mit COPD Liebe Mitglieder und Freundeder COPD-Austria, der Artikel zum Thema Stammzellen-Therapie wurde in unseren sozialen Medien besprochen und diskutiert. Damit hier nicht wieder einmal [&hellip;]<\/p>\n","protected":false},"author":1,"featured_media":0,"parent":0,"menu_order":1,"comment_status":"closed","ping_status":"closed","template":"elementor_theme","meta":{"footnotes":""},"class_list":["post-940","page","type-page","status-publish","hentry"],"_links":{"self":[{"href":"https:\/\/copd-austria.at\/wordpress\/wp-json\/wp\/v2\/pages\/940","targetHints":{"allow":["GET"]}}],"collection":[{"href":"https:\/\/copd-austria.at\/wordpress\/wp-json\/wp\/v2\/pages"}],"about":[{"href":"https:\/\/copd-austria.at\/wordpress\/wp-json\/wp\/v2\/types\/page"}],"author":[{"embeddable":true,"href":"https:\/\/copd-austria.at\/wordpress\/wp-json\/wp\/v2\/users\/1"}],"replies":[{"embeddable":true,"href":"https:\/\/copd-austria.at\/wordpress\/wp-json\/wp\/v2\/comments?post=940"}],"version-history":[{"count":9,"href":"https:\/\/copd-austria.at\/wordpress\/wp-json\/wp\/v2\/pages\/940\/revisions"}],"predecessor-version":[{"id":24681,"href":"https:\/\/copd-austria.at\/wordpress\/wp-json\/wp\/v2\/pages\/940\/revisions\/24681"}],"wp:attachment":[{"href":"https:\/\/copd-austria.at\/wordpress\/wp-json\/wp\/v2\/media?parent=940"}],"curies":[{"name":"wp","href":"https:\/\/api.w.org\/{rel}","templated":true}]}}